valuate -1 + (31 - 8) + 14 + -25.
11
-9 - (4 - 24) - (-11 + 37)
-15
Calculate -3 - (-7 + (-7 - (17 - 11))).
17
Evaluate (4 - 36) + (-160 - -206).
14
3 + 38 + (6 - 28)
19
-5 + -1 - (33 + -21 - (-1 - -8))
-11
(-2 - 3) + (-2 - (-3 - -1))
-5
What is the value of -1 + 0 + -29 + (4 - -21)?
-5
What is (20 - (27 - 13)) + -10?
-4
Evaluate -34 - (-23 + 4) - -2.
-13
What is -3 - ((9 - 6) + 5 + 1 - 2)?
-10
What is (-20 - -29) + (0 - 8) + 2?
3
What is (3 - 2) + (91 - 99) - -40?
33
What is -47 + 55 + -21 + 45?
32
-2 + (0 - 4) + 1 + (6 - -8)
9
What is the value of -16 - (-7 + (13 - 13) + -12)?
3
Calculate 0 + 16 + -3 + (12 - 16) + 0.
9
Evaluate -20 - (-3 + 3 - (2 + 10) - -6).
-14
What is the value of 3 + (46 - 52 - (2 - -6))?
-11
Evaluate 0 - ((-3 + 4 - -3) + -6) - 27.
-25
Calculate 8 + (-2 - 1) + 4 + (-8 - -3).
4
Evaluate -13 + (-2 - -27) - (3 - -1) - 1.
7
Evaluate -6 - (6 - (5 - -4)) - -11.
8
-22 + (14 + 6 - 9 - 5 - 10)
-26
What is the value of -2 - 2 - (16 - 11 - -1)?
-10
Evaluate (0 - (-1 - -5)) + (-2 + 0 - -4).
-2
-2 + (-18 - (4 - 3))
-21
What is -29 + (-23 - -15) + (23 - 5)?
-19
What is -14 + (5 - -15) - (10 + 1)?
-5
What is the value of (4 + -2 + 3 - 9) + (19 - 24)?
-9
(-3 - (-30 + 25)) + 14
16
What is the value of (7 - 10) + -10 + 1?
-12
Calculate 1 + 2 + -4 + (108 - 102) - 14.
-9
What is the value of -11 - ((9 - 9) + -6)?
-5
Calculate -35 - (-13 + 45 - 63).
-4
What is -3 - (9 + -1 - -9 - (6 - 0))?
-14
What is 3 + (15 - 6 - 8) - 10?
-6
Evaluate 14 - ((13 - (13 - -1)) + 1).
14
What is (0 - -7) + -2 + (629 - 642)?
-8
Calculate 4 + -11 + 2 + (15 - -1).
11
Calculate -5 + -9 + (-9 + (3 - 0) - -19).
-1
Evaluate (-10 - -25 - 8) + (-17 - -1 - -1).
-8
Calculate 8 - (-17 + (-7 - -10 - 2)).
24
14 - ((6 - (6 + 8)) + 17 + -11)
16
What is 2 - (4 + 1) - (-1 + 5) - 16?
-23
3 - -8 - 3 - -4
12
What is -17 + (23 - 16 - 2)?
-12
What is the value of -6 - -25 - 12 - (9 + 0)?
-2
What is the value of 2 - 5 - 24 - -2 - (-361 + 351)?
-15
Calculate 17 + -1 + 13 + -27.
2
Calculate 0 + (-25 - (-11 - -3 - -6) - -9).
-14
What is the value of (0 - (9 - 0)) + -6 - -29?
14
What is the value of 12 - ((14 - 9 - 20) + 15)?
12
Evaluate -10 - (19 - (-7 + 6 - -2)).
-28
Calculate 45 - 34 - (4 + 19 + -6 + -2).
-4
What is the value of -6 + 4 - 1 - (4 + -3 + -3)?
-1
Calculate 17 + -23 + -10 - (-2 - 18).
4
Evaluate 1 - (-8 + (1 - -9) + 20).
-21
Evaluate (-25 - (-43 + 18)) + 6.
6
-207 + 202 - (2 + (-1 - 2)) - -3
-1
Calculate 16 + -13 - 8 - -9.
4
What is the value of (-4 - 20) + (-7 + 4 - 4) + 13?
-18
What is -6 - (-9 - (-3 - 10)) - -11?
1
Calculate 0 - (7 + -1 + (-6 - -6) - 3).
-3
What is the value of -13 - (0 + -20 + (1 - -9))?
-3
What is the value of (15 - (4 - -2)) + (11 - 8 - 13)?
-1
What is -2 + (-1 - -8) + 8 + -11 + -3?
-1
Evaluate -1 + -3 + (3 - -5) + -11 + 11.
4
0 + 39 - (33 + (5 - 20))
21
What is the value of (4 - 3 - 8) + -10 + 14?
-3
What is the value of 19 - (29 - (19 - -13))?
22
What is the value of -22 - -28 - (-3 - (1 + 2))?
12
10 + -11 + (-4 - -6 - (2 + -5))
4
What is -381 + 377 + 0 + (-1 - 1 - -1)?
-5
What is the value of 0 - (-4 + 20 - (5 + 4))?
-7
What is (13 + -11 - (0 + -3)) + (37 - 30)?
12
Evaluate -5 + -20 - -31 - 29.
-23
Evaluate -23 + -28 + 32 - 2.
-21
Evaluate (5 - -3) + 24 + -44.
-12
What is the value of -11 + 7 + 11 + 3 + -23 - 10?
-23
What is -1 + (14 + -5 - 1) + -4?
3
Evaluate 4 + -8 + -2 + 10.
4
What is the value of (13 - (-10 - -18)) + -4?
1
What is the value of 10 + 34 + -2 + (-9 + 8 - 9)?
32
What is the value of 0 - 21 - (-231 + 209)?
1
Evaluate -15 + ((-4 - 15) + 16 - (-3 + -5)).
-10
Calculate (114 + -111 - (1 + 1)) + (0 - 8).
-7
What is the value of 6 + (-13 - -4) + 6 + 11 + -10?
4
What is 1 + (-12 + -7 + 8 - -1)?
-9
Evaluate 66 + -62 + (-1 - 2).
1
Evaluate -3 + (4 - 5) + -1 - -11.
6
Evaluate (-1 - 16) + -10 + -8 + 19.
-16
What is -3 + -11 + -3 + (-27 - -35) + -15?
-24
-168 + 164 + (-1 - 1 - 7)
-13
What is the value of (10 - 3) + (-10 - (6 - (16 - 7)))?
0
Evaluate (25 - 23) + 2 + -1 + 11 + -6.
8
Evaluate (115 - 145) + 38 + -3.
5
Evaluate (-27 - (18 + -43)) + 13.
11
What is -18 + -9 + (12 - 0)?
-15
What is -8 - -8 - ((-3 - -1) + 4) - 17?
-19
What is the value of 16 - (-18 + -2 + 32)?
4
Calculate (9 - (-24 - -25)) + (-13 - -1).
-4
What is 16 + -2 - (-767 + 794)?
-13
Calculate -1 - (-29 - (-66 + 31)).
-7
(5 - 5) + -8 + 8 + -11
-11
What is 1 + 18 + -7 - 22?
-10
What is the value of -25 + -27 + 45 + -24 - (-8 + -1)?
-22
What is the value of (4 - (-12 - -12 - -4)) + 13 + 1?
14
17 - ((-1 - -8) + (-421 - -414))
17
Calculate -2 - 21 - (240 + -243).
-20
Evaluate (-104 - -115) + 3 + -2 + 15.
27
Evaluate 27 + 27 + -82 + 38.
10
What is 19 + (10 - (11 + 4 + -2))?
16
Calculate -363 + 325 + (-3 - -23).
-18
What is the value of 7 + (-3 - (2 + 1 + -4 - 0))?
5
Calculate -10 - (6 + -14 + -1 - 31).
30
Calculate (5 - 16) + (17 - 4) + -11.
-9
What is 8 - ((6 + -6 + 8 - 7) + 14)?
-7
What is the value of 3 + 1 - 1 - (-2 - (29 + -34))?
0
What is the value of -1 + (9 - 8) + -15?
-15
Evaluate -25 + -9 + -7 + 9 + 7.
-25
Calculate -14 - (-42 + (28 - -33)).
-33
What is (-2 - (-7 + 4)) + (-4 - -4) + 1?
2
Evaluate -56 - (-10 + 8 - 25).
-29
Calculate -50 + 50 - (1 - (13 + -1)).
11
What is (1 - 5) + (-6 - (-16 + (-11 - -24)))?
-7
(27 - -1) + 96 + -110 - 2
12
What is the value of (-26 + 48 - 60) + 41?
3
What is (-2 - (-17 + 16)) + -17?
-18
What is the value of 12 + (8 - (-9 - -12) - 15)?
2
Evaluate -6 + -4 + (-3 - -4) - (-2 + 1).
-8
Evaluate 16 + -1 - (67 - 122 - -70).
0
Calculate 50 + -56 - (-3 - 2).
-1
What is (2 - 3) + (13 - (-7 - (-4 - -2)))?
17
What is -12 + -39 + 28 - 8?
-31
What is the value of -2 + (1 - -15) + (70 - 78)?
6
What is the value of 2 + 15 + 2 + -14?
5
31 - (19 + (-15 - -12))
15
Evaluate (10 - -1) + (12 - (39 - 21)).
5
Calculate 2 - (2 + -24 + 5).
19
What is 71 + -79 - (-3 - -3)?
-8
What is the value of -17 + 13 + 20 - 25?
-9
346 + -331 + (-2 - -8)
21
-8 + (-2 - -3) + 11 + -5 - 5
-6
What is the value of 12 + (3 - 15) + -3?
-3
What is 13 + (-1 - (-10 + 8 + -1))?
15
What is -471 + 471 + 13 + -1?
12
Calculate 10 + -9 + -10 + 7 + 11.
9
What is (14 - (18 - -4)) + 29?
21
What is 3 + -11 + -2 + 25 + 6?
21
What is the value of (6 - 6) + -14 - (-7 - (-3 - 2))?
-12
What is (5 - 15 - (-8 - -1)) + 3?
0
Calculate -13 - (-10 + 26 + -18).
-11
30 + 1 - (0 - (0 + -9))
22
(18 - 7 - 4) + -50 + 18
-25
What is the value of (18 - 15) + -1 + 1 + 77 + -85?
-5
Calculate 2 + 4 + (-16 - -8) + 14.
12
What is the value of 22 - (-3 + 13 + 16)?
-4
-1 - 7 - (-3 - 6) - 5
-4
What is 232 + -237 - (-14 + -1)?
10
What is the value of 16 + 29 + 23 + -54?
14
Evaluate 10 + (-18 + 3 - (2 + 2 + -15)).
6
Calculate 12 + 15 + -2 - 10 - 2.
13
-22 - (9 + -67) - 65
-29
What is the value of -3 - (-5 + 1 - (51 + -55))?
-3
What is the value of -5 + (-18 - -9 - (3 + -3))?
-14
What is -116 + 126 - (5 + -9)?
14
Evaluate 7 + 1 + (-55 - -21 - -21).
-5
Evaluate -1 + -4 + 4 + (1 - 1) + -1.
-2
What is the value of 23 + -14 - (27 + -6 + (1 - 1))?
-12
(24 - 0) + -40 + 0
-16
Evaluate 22 + (-4 - 0) - (200 + -153).
-29
Evaluate (1 + -5 - (-22 + 5)) + 1 + 0.
14
2 - -3 - (-19 + 18)
6
Evaluate 3 + -14 - (9 - (-18 - -15)).
-23
Calculate (25 - (37 + -27)) + (-2 - -12).
25
Calculate (-7 - -23) + -11 + -12.
-7
What is -6 + -1 + -2 + -47 + 62?
6
What is the value of 9 + (1 - (17 - 27)) + -9?
11
(-70 - -92) + (-1 - -5)
26
What is the value of 8 + (-4 - (12 - (-1 + 8)))?
-1
Evaluate 687 + -704 - (9 - -2).
-28
What is the value of (-15 - -8 - (-13 + 10)) + 25?
21
6 - (-1 + (-6 - -8))
5
-14 + (1 + 1 - (-2 - -2))
-12
(-36 - (-36 - -16)) + -1
-17
Evaluate 36 - ((-9 - -4) + (-2 - (18 + -36))).
25
Evaluate ((1 - -3) + (-28 - -21) - -14) + 4.
15
What is the value of -20 + 6 + 3 + 19 + 1 + -1?
8
What is -10 + -12 + 32 + 8?
18
What is the value of 1 - -3 - 8 - 2 - -7?
1
What is (-3 + -4 - (13 + (-35 - -12))) + 3?
6
What is 3 + (7 - (0 - -4)) + -6 + -2?
-2
What is the value of 31 - 24 - ((-1 - -5) + -2)?
5
What is 13 + 0 + -29 + 13?
-3
Evaluate 21 - (16 + 17) - -37.
25
Evaluate 685 + -697 - (0 + 7 - 0).
-19
What is -7 + (52 - 21) + (-8 - 2)?
14
What is the value of (12 - 1 - 3) + 0 + -5 + -19?
-16
-21 + (-7 - (-20 + (-17 - -12)))
-3
Evaluate -2 + (-2 - -2) + -18 + 7 + 6.
-7
What is 9 - (-19 + (10 - -4) - 1)?
15
14 + -11 + -15 - -15
3
Calculate -17 + -4 +